{"id":6086,"date":"2024-08-25T12:07:44","date_gmt":"2024-08-25T12:07:44","guid":{"rendered":"https:\/\/wule-symphony-orchestra.com\/event\/wiener-stadthalle-viena-austria\/"},"modified":"2024-09-15T18:34:14","modified_gmt":"2024-09-15T18:34:14","slug":"wiener-stadthalle-viena-austria","status":"publish","type":"tribe_events","link":"https:\/\/wule-symphony-orchestra.com\/es\/event\/wiener-stadthalle-viena-austria\/","title":{"rendered":"Wiener Stadthalle, Viena Austria"},"content":{"rendered":"<p>La Orquesta Sinf\u00f3nica Jinghui Guangxuan, el mayor conjunto de monjes y monjas chan del mundo, presentar\u00e1 un programa cautivador que entrelaza la m\u00fasica tradicional china con las composiciones intemporales de Grieg, Sibelius y Glinka.<br \/>\nEste extraordinario acontecimiento tendr\u00e1 lugar en el Wiener Stadthalle de Viena, Austria.<br \/>\nEl Wiener Stadthalle, uno de los lugares m\u00e1s emblem\u00e1ticos de Austria, es famoso por albergar una gran variedad de eventos culturales y musicales, y ofrece un entorno amplio pero \u00edntimo que se adapta perfectamente a la grandeza y espiritualidad de la actuaci\u00f3n de la orquesta.<br \/>\nCelebrar el concierto en este lugar hist\u00f3rico no s\u00f3lo realza la importancia cultural del evento, sino que tambi\u00e9n aporta una mezcla \u00fanica de m\u00fasica espiritual oriental y tradiciones cl\u00e1sicas occidentales a una ciudad c\u00e9lebre por su rico patrimonio musical.<br \/>\nEste concierto promete ser una velada inolvidable, en la que se fusionar\u00e1n profundas tradiciones culturales con el hist\u00f3rico paisaje musical de Viena.<br \/>\nConsigue las entradas <a href=\"https:\/\/my.weezevent.com\/jinghui-guangxuan-symphony-orchestra-europe-tour-vienna\">aqu\u00ed<\/a>.     <\/p>\n","protected":false},"excerpt":{"rendered":"<p>La Orquesta Sinf\u00f3nica Jinghui Guangxuan, el mayor conjunto de monjes y monjas chan del mundo, presentar\u00e1 un programa cautivador que entrelaza la m\u00fasica tradicional china con las composiciones intemporales de Grieg, Sibelius y Glinka. Este&hellip;<\/p>\n","protected":false},"author":1,"featured_media":4319,"comment_status":"open","ping_status":"closed","template":"","meta":{"_acf_changed":false,"_monsterinsights_skip_tracking":false,"_monsterinsights_sitenote_active":false,"_monsterinsights_sitenote_note":"","_monsterinsights_sitenote_category":0,"_uf_show_specific_survey":0,"_uf_disable_surveys":false,"_price":"","_stock":"","_tribe_ticket_header":"","_tribe_default_ticket_provider":"","_tribe_ticket_capacity":"0","_ticket_start_date":"","_ticket_end_date":"","_tribe_ticket_show_description":"","_tribe_ticket_show_not_going":false,"_tribe_ticket_use_global_stock":"","_tribe_ticket_global_stock_level":"","_global_stock_mode":"","_global_stock_cap":"","_tribe_rsvp_for_event":"","_tribe_ticket_going_count":"","_tribe_ticket_not_going_count":"","_tribe_tickets_list":"[]","_tribe_ticket_has_attendee_info_fields":false,"_tribe_events_status":"","_tribe_events_status_reason":"","footnotes":"","_tec_slr_enabled":"","_tec_slr_layout":""},"tags":[108],"tribe_events_cat":[109],"class_list":["post-6086","tribe_events","type-tribe_events","status-publish","has-post-thumbnail","hentry","tag-destacado","tribe_events_cat-eventos-de-este-ano","cat_eventos-de-este-ano"],"acf":[],"aioseo_notices":[],"ticketed":false,"_links":{"self":[{"href":"https:\/\/wule-symphony-orchestra.com\/es\/wp-json\/wp\/v2\/tribe_events\/6086","targetHints":{"allow":["GET"]}}],"collection":[{"href":"https:\/\/wule-symphony-orchestra.com\/es\/wp-json\/wp\/v2\/tribe_events"}],"about":[{"href":"https:\/\/wule-symphony-orchestra.com\/es\/wp-json\/wp\/v2\/types\/tribe_events"}],"author":[{"embeddable":true,"href":"https:\/\/wule-symphony-orchestra.com\/es\/wp-json\/wp\/v2\/users\/1"}],"replies":[{"embeddable":true,"href":"https:\/\/wule-symphony-orchestra.com\/es\/wp-json\/wp\/v2\/comments?post=6086"}],"version-history":[{"count":2,"href":"https:\/\/wule-symphony-orchestra.com\/es\/wp-json\/wp\/v2\/tribe_events\/6086\/revisions"}],"predecessor-version":[{"id":6327,"href":"https:\/\/wule-symphony-orchestra.com\/es\/wp-json\/wp\/v2\/tribe_events\/6086\/revisions\/6327"}],"wp:featuredmedia":[{"embeddable":true,"href":"https:\/\/wule-symphony-orchestra.com\/es\/wp-json\/wp\/v2\/media\/4319"}],"wp:attachment":[{"href":"https:\/\/wule-symphony-orchestra.com\/es\/wp-json\/wp\/v2\/media?parent=6086"}],"wp:term":[{"taxonomy":"post_tag","embeddable":true,"href":"https:\/\/wule-symphony-orchestra.com\/es\/wp-json\/wp\/v2\/tags?post=6086"},{"taxonomy":"tribe_events_cat","embeddable":true,"href":"https:\/\/wule-symphony-orchestra.com\/es\/wp-json\/wp\/v2\/tribe_events_cat?post=6086"}],"curies":[{"name":"wp","href":"https:\/\/api.w.org\/{rel}","templated":true}]}}

<p>La Orquesta Sinfónica Jinghui Guangxuan, el mayor conjunto de monjes y monjas chan del mundo, presentará un programa cautivador que entrelaza la música tradicional china con las composiciones intemporales de Grieg, Sibelius y Glinka.<br />
Este extraordinario acontecimiento tendrá lugar en el Wiener Stadthalle de Viena, Austria.<br />
El Wiener Stadthalle, uno de los lugares más emblemáticos de Austria, es famoso por albergar una gran variedad de eventos culturales y musicales, y ofrece un entorno amplio pero íntimo que se adapta perfectamente a la grandeza y espiritualidad de la actuación de la orquesta.<br />
Celebrar el concierto en este lugar histórico no sólo realza la importancia cultural del evento, sino que también aporta una mezcla única de música espiritual oriental y tradiciones clásicas occidentales a una ciudad célebre por su rico patrimonio musical.<br />
Este concierto promete ser una velada inolvidable, en la que se fusionarán profundas tradiciones culturales con el histórico paisaje musical de Viena.<br />
Consigue las entradas <a href="https://my.weezevent.com/jinghui-guangxuan-symphony-orchestra-europe-tour-vienna">aquí</a>.     </p>

<p>La Orquesta Sinfónica Jinghui Guangxuan, el mayor conjunto de monjes y monjas chan del mundo, presentará un programa cautivador que entrelaza la música tradicional china con las composiciones intemporales de Grieg, Sibelius y Glinka. Este&hellip;</p>
