{"id":6111,"date":"2024-08-25T08:30:16","date_gmt":"2024-08-25T08:30:16","guid":{"rendered":"https:\/\/wule-symphony-orchestra.com\/event\/grand-auditorium-de-lunesco-paris-france\/"},"modified":"2024-09-24T21:54:16","modified_gmt":"2024-09-24T21:54:16","slug":"grand-auditorium-de-lunesco-paris-france","status":"publish","type":"tribe_events","link":"https:\/\/wule-symphony-orchestra.com\/fr\/event\/grand-auditorium-de-lunesco-paris-france\/","title":{"rendered":"Grand Auditorium de l&rsquo;UNESCO, Paris France"},"content":{"rendered":"<div class=\"widget-en\"><strong>\u00ab\u00a0La Terre, notre maison : Un appel m\u00e9lodique \u00e0 l&rsquo;action environnementale \u00ab\u00a0<\/strong>Le 20 septembre 2024, l&rsquo;association \u00ab\u00a0M\u00e9lodie pour le dialogue entre les civilisations\u00a0\u00bb organisera un concert sp\u00e9cial intitul\u00e9 \u00ab\u00a0La Terre, notre maison\u00a0\u00bb, dirig\u00e9 par le maestro chinois Wang Ning.<br \/>\nCe grand \u00e9v\u00e9nement aura lieu au si\u00e8ge de l&rsquo;UNESCO \u00e0 Paris, en France. La pi\u00e8ce ma\u00eetresse du concert est la Symphonie chorale n\u00b0 9 de Wang Ning, qui est la premi\u00e8re symphonie de l&rsquo;histoire de l&rsquo;humanit\u00e9.<br \/>\n9 de Wang Ning, qui est la premi\u00e8re symphonie au monde consacr\u00e9e au th\u00e8me de la protection de l&rsquo;environnement.<br \/>\nCompos\u00e9e pour solistes, ch\u0153ur et orchestre symphonique, \u00ab\u00a0La Terre, notre maison\u00a0\u00bb utilise le pouvoir de la musique pour sensibiliser \u00e0 la d\u00e9gradation de l&rsquo;environnement et \u00e0 son impact sur la survie de l&rsquo;humanit\u00e9. Le maestro Wang Ning a d\u00e9crit la symphonie comme une alarme urgente, d\u00e9non\u00e7ant l&rsquo;impact destructeur de l&rsquo;humanit\u00e9 sur notre plan\u00e8te, notre seule \u00ab\u00a0maison\u00a0\u00bb.<br \/>\nMehri Madarshahi, pr\u00e9sident de l&rsquo;association \u00ab\u00a0M\u00e9lodie pour le dialogue entre les civilisations\u00a0\u00bb, a soulign\u00e9 que cette symphonie chorale est un signal de d\u00e9tresse, un rappel que notre survie est li\u00e9e \u00e0 la sant\u00e9 de la Terre.<br \/>\nLe programme pr\u00e9sentera des images, des symboles et des \u00e9motions non verbales novateurs, ce qui en fait un \u00e9l\u00e9ment essentiel du voyage vers la durabilit\u00e9 environnementale.<br \/>\nLe concert vise \u00e0 sensibiliser \u00e0 la durabilit\u00e9 environnementale et \u00e0 l&rsquo;importance de nos actions pour pr\u00e9server notre plan\u00e8te pour les g\u00e9n\u00e9rations futures.<br \/>\nL&rsquo;\u00e9v\u00e9nement comprendra une production vid\u00e9o immersive r\u00e9alis\u00e9e par Xue Lei et Zhao Bozou de Chine.<br \/>\nLes musiciens de l&rsquo;orchestre symphonique chinois \u00ab\u00a0Jinghui\u00a0\u00bb et de l&rsquo;orchestre symphonique fran\u00e7ais \u00ab\u00a0Bel&rsquo;Arte\u00a0\u00bb seront rejoints par un ch\u0153ur de 80 voix et six solistes, dont la soprano Fabienne Conrad et le t\u00e9nor Paul Gaugler.<br \/>\nCe concert pour la paix et l&rsquo;environnement est un appel \u00e0 s&rsquo;unir pour sauver notre pr\u00e9cieuse et irrempla\u00e7able plan\u00e8te bleue.<br \/>\nVous pouvez obtenir des billets ici : https:\/\/melodyforearth.com\/ ou sur le site de l&rsquo;UNESCO : https:\/\/www.unesco.org\/fr\/articles\/la-terre-notre-maison-un-appel-melodique-pour-une-action-environnementale?hub=68184            <\/p>\n<\/div>\n","protected":false},"excerpt":{"rendered":"<p>\u00ab\u00a0La Terre, notre maison : Un appel m\u00e9lodique \u00e0 l&rsquo;action environnementale \u00ab\u00a0Le 20 septembre 2024, l&rsquo;association \u00ab\u00a0M\u00e9lodie pour le dialogue entre les civilisations\u00a0\u00bb organisera un concert sp\u00e9cial intitul\u00e9 \u00ab\u00a0La Terre, notre maison\u00a0\u00bb, dirig\u00e9 par le&hellip;<\/p>\n","protected":false},"author":1,"featured_media":3640,"comment_status":"open","ping_status":"closed","template":"","meta":{"_acf_changed":false,"_monsterinsights_skip_tracking":false,"_monsterinsights_sitenote_active":false,"_monsterinsights_sitenote_note":"","_monsterinsights_sitenote_category":0,"_uf_show_specific_survey":0,"_uf_disable_surveys":false,"_price":"","_stock":"","_tribe_ticket_header":"","_tribe_default_ticket_provider":"","_tribe_ticket_capacity":"0","_ticket_start_date":"","_ticket_end_date":"","_tribe_ticket_show_description":"","_tribe_ticket_show_not_going":false,"_tribe_ticket_use_global_stock":"","_tribe_ticket_global_stock_level":"","_global_stock_mode":"","_global_stock_cap":"","_tribe_rsvp_for_event":"","_tribe_ticket_going_count":"","_tribe_ticket_not_going_count":"","_tribe_tickets_list":"[]","_tribe_ticket_has_attendee_info_fields":false,"_tribe_events_status":"","_tribe_events_status_reason":"","footnotes":"","_tec_slr_enabled":"","_tec_slr_layout":""},"tags":[123,120,105,121,122],"tribe_events_cat":[107],"class_list":["post-6111","tribe_events","type-tribe_events","status-publish","has-post-thumbnail","hentry","tag-comedie","tag-drame","tag-mis-en-evidence","tag-musique","tag-performance-fr","tribe_events_cat-evenements-de-lannee","cat_evenements-de-lannee"],"acf":[],"aioseo_notices":[],"ticketed":false,"_links":{"self":[{"href":"https:\/\/wule-symphony-orchestra.com\/fr\/wp-json\/wp\/v2\/tribe_events\/6111","targetHints":{"allow":["GET"]}}],"collection":[{"href":"https:\/\/wule-symphony-orchestra.com\/fr\/wp-json\/wp\/v2\/tribe_events"}],"about":[{"href":"https:\/\/wule-symphony-orchestra.com\/fr\/wp-json\/wp\/v2\/types\/tribe_events"}],"author":[{"embeddable":true,"href":"https:\/\/wule-symphony-orchestra.com\/fr\/wp-json\/wp\/v2\/users\/1"}],"replies":[{"embeddable":true,"href":"https:\/\/wule-symphony-orchestra.com\/fr\/wp-json\/wp\/v2\/comments?post=6111"}],"version-history":[{"count":2,"href":"https:\/\/wule-symphony-orchestra.com\/fr\/wp-json\/wp\/v2\/tribe_events\/6111\/revisions"}],"predecessor-version":[{"id":6959,"href":"https:\/\/wule-symphony-orchestra.com\/fr\/wp-json\/wp\/v2\/tribe_events\/6111\/revisions\/6959"}],"wp:featuredmedia":[{"embeddable":true,"href":"https:\/\/wule-symphony-orchestra.com\/fr\/wp-json\/wp\/v2\/media\/3640"}],"wp:attachment":[{"href":"https:\/\/wule-symphony-orchestra.com\/fr\/wp-json\/wp\/v2\/media?parent=6111"}],"wp:term":[{"taxonomy":"post_tag","embeddable":true,"href":"https:\/\/wule-symphony-orchestra.com\/fr\/wp-json\/wp\/v2\/tags?post=6111"},{"taxonomy":"tribe_events_cat","embeddable":true,"href":"https:\/\/wule-symphony-orchestra.com\/fr\/wp-json\/wp\/v2\/tribe_events_cat?post=6111"}],"curies":[{"name":"wp","href":"https:\/\/api.w.org\/{rel}","templated":true}]}}

<div class="widget-en"><strong>« La Terre, notre maison : Un appel mélodique à l&rsquo;action environnementale « </strong>Le 20 septembre 2024, l&rsquo;association « Mélodie pour le dialogue entre les civilisations » organisera un concert spécial intitulé « La Terre, notre maison », dirigé par le maestro chinois Wang Ning.<br />
Ce grand événement aura lieu au siège de l&rsquo;UNESCO à Paris, en France. La pièce maîtresse du concert est la Symphonie chorale n° 9 de Wang Ning, qui est la première symphonie de l&rsquo;histoire de l&rsquo;humanité.<br />
9 de Wang Ning, qui est la première symphonie au monde consacrée au thème de la protection de l&rsquo;environnement.<br />
Composée pour solistes, chœur et orchestre symphonique, « La Terre, notre maison » utilise le pouvoir de la musique pour sensibiliser à la dégradation de l&rsquo;environnement et à son impact sur la survie de l&rsquo;humanité. Le maestro Wang Ning a décrit la symphonie comme une alarme urgente, dénonçant l&rsquo;impact destructeur de l&rsquo;humanité sur notre planète, notre seule « maison ».<br />
Mehri Madarshahi, président de l&rsquo;association « Mélodie pour le dialogue entre les civilisations », a souligné que cette symphonie chorale est un signal de détresse, un rappel que notre survie est liée à la santé de la Terre.<br />
Le programme présentera des images, des symboles et des émotions non verbales novateurs, ce qui en fait un élément essentiel du voyage vers la durabilité environnementale.<br />
Le concert vise à sensibiliser à la durabilité environnementale et à l&rsquo;importance de nos actions pour préserver notre planète pour les générations futures.<br />
L&rsquo;événement comprendra une production vidéo immersive réalisée par Xue Lei et Zhao Bozou de Chine.<br />
Les musiciens de l&rsquo;orchestre symphonique chinois « Jinghui » et de l&rsquo;orchestre symphonique français « Bel&rsquo;Arte » seront rejoints par un chœur de 80 voix et six solistes, dont la soprano Fabienne Conrad et le ténor Paul Gaugler.<br />
Ce concert pour la paix et l&rsquo;environnement est un appel à s&rsquo;unir pour sauver notre précieuse et irremplaçable planète bleue.<br />
Vous pouvez obtenir des billets ici : https://melodyforearth.com/ ou sur le site de l&rsquo;UNESCO : https://www.unesco.org/fr/articles/la-terre-notre-maison-un-appel-melodique-pour-une-action-environnementale?hub=68184            </p>
</div>

<p>« La Terre, notre maison : Un appel mélodique à l&rsquo;action environnementale « Le 20 septembre 2024, l&rsquo;association « Mélodie pour le dialogue entre les civilisations » organisera un concert spécial intitulé « La Terre, notre maison », dirigé par le&hellip;</p>
